= m + 2*m - 3*v - 33. Calculate the remainder when m/((-35)/(-10)) - -1 is divided by 1/2*(-1 + 7).
0
Suppose 0 = -12*r - 0*r + 2496. Calculate the remainder when r is divided by 55.
43
Suppose -1 + 5 = 4*i. Let g = 4 - i. Let x = 1 - -2. Calculate the remainder when x is divided by g.
0
Let h(g) = -g + 4. Let f be h(4). Suppose f = t + 2 - 6. What is the remainder when 50 is divided by (-13)/(t/8*-2)?
11
Let h(l) = -l - 8*l**2 + 27*l**2 + 1 + 0*l. Calculate the remainder when 165/(-4)*(-18 - 1150/(-69)) is divided by h(1).
17
Let h be 10*((-3)/6 + -6 + 2). Let o = h + 48. What is the remainder when 10 is divided by o?
1
Let b be (12/(-18))/(2/27). Calculate the remainder when (2/(-9))/(1/b) + 150 is divided by 31.
28
Let y(a) = 5*a**3 - 2*a**2 + 8*a - 6. Suppose -x = -3*x + 12. Let w(c) = 2*c - 5. Calculate the remainder when w(x) is divided by y(1).
2
Let u be 441/91 + (-2)/(-13). Suppose -1 = n + 4*h, -5*h = -u*n + 3*n + 37. What is the remainder when n is divided by 6?
5
Calculate the remainder when 623 is divided by (-66)/(-77)*(-49)/(-14).
2
Let j(x) = -x - 13. Let f be j(-24). Let q(w) = 2*w**2 - 16*w + 33. What is the remainder when q(f) is divided by 51?
48
Suppose 3*u = u - 10. What is the remainder when ((-22)/u)/(604/100 + -6) is divided by 28?
26
Suppose 0 = 3*z - 5*l + 38, l + 0*l = 5*z + 56. Let c = 1 - z. Suppose 3*a + c = n, a + 20 = n - 2. What is the remainder when n is divided by 14?
13
Let m(n) = n**2 - 4*n + 7. Let b(i) = -i**2 + 8*i - 6. Let r be b(6). Suppose 6*t + 54 = h + 3*t, 0 = 5*t. Calculate the remainder when h is divided by m(r).
16
Calculate the remainder when 40 is divided by (51/(-24))/(8/(-64)).
6
Suppose -167 = -5*j + 3*h, -5*j + 130 = -2*h - 38. Calculate the remainder when 64 is divided by j.
30
Suppose -2*w - 5*g = 1 - 22, -5*g = w - 18. Let b be 15/(-25) - (-27)/(-5). Let m = b - -13. Calculate the remainder when m is divided by w.
1
Calculate the remainder when 3*12*(-252)/(-54) is divided by 51.
15
Let z(c) = c + 5. Let s be z(-6). Let k be 1 - s - (1 + -120). Suppose 5*u - m = 3*m + k, -5*u - m + 126 = 0. Calculate the remainder when u is divided by 13.
12
Let b(i) = 2*i**3 + i - 4. What is the remainder when 29 is divided by b(2)?
1
Let r = 89 + -71. Suppose -11*q = -r*q + 637. What is the remainder when q is divided by 23?
22
Let g = -836 + 954. Calculate the remainder when g is divided by 11.
8
Let y = -1201 - -1240. What is the remainder when 623 is divided by y?
38
Suppose 6*i = 2*i + 24. Suppose 2 = -k, -i*u + 5*k = -u - 105. What is the remainder when u is divided by 4?
3
Let g be 110 + 7/((-7)/3). Let f = g + -90. What is the remainder when 32 is divided by f?
15
Let k be ((-6)/(-4))/(3 - 4023/1344). Suppose -23*i = -7*i - k. Let h(x) = -x**3 - 5*x - 3. What is the remainder when h(-3) is divided by i?
11
Let t(l) = 0 - l + l**2 + 1 + 0*l**2. Let j(c) = c**3 + 13*c**2 + 3*c - 30. Calculate the remainder when t(4) is divided by j(-2).
5
What is the remainder when 1/((-9)/(-2094)) + (-12)/(-9) is divided by 47?
46
Suppose o - 5*c = 61, 5*c - 7 = -o + 74. Suppose -2*b - 5*z = -58, 4*b + 30 = -3*z + 132. Calculate the remainder when o is divided by b.
23
Let q = 1435 - 1311. What is the remainder when q is divided by 57?
10
Let y = -1974 + 2328. Calculate the remainder when y is divided by 17.
14
Suppose -66 = 23*v - 20*v. Let l = 93 + v. What is the remainder when l is divided by 26?
19
Let x(u) = u**3 + u - 81. Let p be x(0). Calculate the remainder when 50 is divided by (p/6)/(3/(-6)).
23
Suppose 4 = 2*q - q. Suppose -q*m = -25 - 3. Let l(p) = p**3 + 10*p**2 + 7*p - 13. Calculate the remainder when m is divided by l(-9).
2
Let s(b) = 7*b + 2. Let k be s(-5). Let p = k + 51. Calculate the remainder when p is divided by (-7 + (-99)/(-22))*(2 + -6).
8
Let q(o) = o**3 + 7*o**2 - 7*o + 2. Let d be q(-8). Let x be (-12)/15 - (-2 + 11/5). What is the remainder when ((-11)/(-2))/(x/d) is divided by 9?
6
Let y = -157 - -243. Let h = 102 - 73. What is the remainder when y is divided by h?
28
Let d = -24 - -44. Suppose -5*p + 10*p = d. Suppose -p*g = -2*c - 2*g + 20, g + 22 = 3*c. Calculate the remainder when 34 is divided by c.
4
Suppose 670 = -493*i + 503*i. What is the remainder when i is divided by 38?
29
Let p = 41 + -37. Suppose 0 = 5*c - 2*c - 63. Calculate the remainder when c is divided by p/(2*2/8).
5
Suppose -4*k + 197 = 37. What is the remainder when (k - 0)*(-8)/(-10) is divided by 10?
2
Let k(n) = -n**2 - 28*n + 52. Suppose 456 = p + 3*p. Calculate the remainder when p is divided by k(-29).
22
Let i = 129 + -58. Suppose 0 = 6*l - i - 37. What is the remainder when l is divided by 7?
4
Suppose -2*g = 10, 0*g + 2*g + 26 = 4*n. Suppose n*b - 66 = b. What is the remainder when (-315)/(-6)*(-8)/(-10) is divided by b?
20
Suppose 2*t - 145 = 41. Calculate the remainder when t is divided by 47.
46
Let w = 5 + 3. Let q = 11 - -6. Calculate the remainder when q is divided by ((-4)/w)/(2/(-20)).
2
Suppose 20 = 3*x + 2*h, 24 = 2*x + 4*h - 0*h. Suppose -3*d - 327 = -5*k, x + 255 = 4*k - 5*d. Calculate the remainder when k is divided by 7.
3
Suppose w - 3*s - 15 = -2*w, 5*w = 3*s + 25. Suppose 34 = 5*a - d, -4*a + w*d = -8 - 36. Calculate the remainder when 108/11 + (-12)/(-66) is divided by a.
4
Let u = 174 - -46. Suppose -2*j + 82 + 30 = -3*n, 5*n = 4*j - u. Calculate the remainder when j is divided by 13.
11
Calculate the remainder when 4/(-14) + (-177840)/(-532) is divided by 67.
66
Let q be (8/10)/(4*1/10). Suppose -5 + 39 = q*n. Calculate the remainder when 65 is divided by n.
14
Suppose -2*w - 142 = -4*a + 110, a - 64 = w. What is the remainder when a is divided by (-14)/35 + (-174)/(-10)?
11
Suppose 2*b = -0*b + 368. Suppose 2*z = b - 42. Let t = 355 + -337. What is the remainder when z is divided by t?
17
Let b(m) = -2*m - 3. Calculate the remainder when b(-7) is divided by 7.
4
Let u be 1/(-5) - (-1 - (-6)/(-5)). Suppose 2*g - u*a = g + 74, 4*g - 231 = -5*a. Calculate the remainder when g is divided by 22.
20
Let g = 69 + 63. What is the remainder when g is divided by 28?
20
Suppose -2*x = 2*l - 46, l + 135 = 5*x + 2*l. Suppose 0 = -5*p + 4*q + 21, 2 = 4*q - 2. What is the remainder when x is divided by p?
3
Let w(d) = 3*d**2 - 8. Let h be w(-7). Suppose 6*j + 19 = h. What is the remainder when 74 is divided by j?
14
Let f be (-3 + 0)/((-547)/136 + 4). Suppose -2*y + f - 34 = 0. What is the remainder when y is divided by 52/3 + (-4)/(-6)?
15
Calculate the remainder when (-846)/15*((-100)/(-15))/(-1) is divided by 29.
28
Let v(h) = -2*h + 67. Let z be v(17). Suppose z = q + 10. Calculate the remainder when 135 is divided by q.
20
What is the remainder when 104 is divided by (-3345)/(-115) + (-14)/161?
17
Let g(p) = 47*p**2 + p. Calculate the remainder when 179 is divided by g(-1).
41
Suppose 139*a - 125*a - 910 = 0. Calculate the remainder when a is divided by 8.
1
Suppose 5*l + 4*k - 131 = 0, -5*k + 31 = 11. Calculate the remainder when 1263 is divided by l.
21
Suppose -42 = -2*n - 5*t, -5*t = 11 + 9. Suppose -2*q + 62 = 2*j, q - n = 3*j - 8*j. What is the remainder when 151 is divided by q?
27
Calculate the remainder when 75 is divided by ((2*-1)/1)/(2/(-13)).
10
Let h be (-480)/(-45) + (-4)/6. Let u be 792/30*h/(-2). Let s = u - -194. Calculate the remainder when s is divided by 16.
14
Let h(x) = -16*x - 106. What is the remainder when 269 is divided by h(-10)?
53
Let u(y) = -8*y + 248. Calculate the remainder when u(28) is divided by 13.
11
Suppose 3*i - 8 = -2. What is the remainder when (-1)/i + 376/16 is divided by 5?
3
Suppose 0 = -z - 10 + 69. Suppose 4*b = 5*t - 106, -t - 5*b + 49 = t. Calculate the remainder when z is divided by t.
15
Let x(m) = -m + 17. Suppose -5*r + 2*t + 70 = -90, 0 = -5*r - 4*t + 130. Calculate the remainder when r is divided by x(0).
13
Let v be -114 - ((-3 + 2 - -3) + 1). Let w = -54 - v. Calculate the remainder when w is divided by 11.
8
Let r(j) = 2*j + 3. Let b(m) = 9*m - 1. Let o be b(-3). What is the remainder when -2 - (o/1 - 0) is divided by r(3)?
8
Let f(d) = -10*d - 7. Let t(r) = -7*r + 46. Let m be t(7). Suppose 4*h - 234 = 2*h - 2*w, 3*w - 12 = 0. What is the remainder when h is divided by f(m)?
21
Let v = 8 - -2. Suppose 0 = d - 3*m + 6*m, -2*d